{"id":3524,"date":"2026-01-26T16:26:59","date_gmt":"2026-01-26T15:26:59","guid":{"rendered":"https:\/\/leprouvette.com\/?page_id=3524"},"modified":"2026-01-26T16:30:25","modified_gmt":"2026-01-26T15:30:25","slug":"agenda","status":"publish","type":"page","link":"https:\/\/leprouvette.com\/index.php\/agenda\/","title":{"rendered":"AGENDA"},"content":{"rendered":"<ul class=\"wp-block-latest-posts__list is-grid columns-4 wp-block-latest-posts\"><li><div class=\"wp-block-latest-posts__featured-image\"><img loading=\"lazy\" decoding=\"async\" width=\"150\" height=\"150\" src=\"https:\/\/leprouvette.com\/wp-content\/uploads\/2026\/02\/2026-MARS-AVRIL-COUR-DE-DANSES-FOLK-ET-NOZ-FB-SITE-150x150.jpg\" class=\"attachment-thumbnail size-thumbnail wp-post-image\" alt=\"\" style=\"max-width:150px;max-height:150px;\" \/><\/div><a class=\"wp-block-latest-posts__post-title\" href=\"https:\/\/leprouvette.com\/index.php\/2026\/04\/20\/jeu-30-avril-20h-22h-cours-de-danses-folk-noz\/\">JEU. 30 AVRIL \u2022 20H &#8211; 22H \u2013 Cours de danses folk &amp; Noz<\/a><div class=\"wp-block-latest-posts__post-excerpt\">Venez d\u00e9couvrir les diff\u00e9rentes danses duo et de groupes que vous pourrez danser dans les bals folk et fest noz de la r\u00e9gion !<\/div><\/li>\n<li><div class=\"wp-block-latest-posts__featured-image\"><img loading=\"lazy\" decoding=\"async\" width=\"150\" height=\"150\" src=\"https:\/\/leprouvette.com\/wp-content\/uploads\/2026\/04\/1776153524891-150x150.jpg\" class=\"attachment-thumbnail size-thumbnail wp-post-image\" alt=\"\" style=\"max-width:150px;max-height:150px;\" \/><\/div><a class=\"wp-block-latest-posts__post-title\" href=\"https:\/\/leprouvette.com\/index.php\/2026\/04\/14\/proces-verbal-de-l-assemblee-generale-du-12-avril-2026\/\">PROC\u00c8S VERBAL DE L\u2019 ASSEMBL\u00c9E G\u00c9N\u00c9RALE DU 12 AVRIL 2026<\/a><div class=\"wp-block-latest-posts__post-excerpt\"><\/div><\/li>\n<li><div class=\"wp-block-latest-posts__featured-image\"><img loading=\"lazy\" decoding=\"async\" width=\"150\" height=\"150\" src=\"https:\/\/leprouvette.com\/wp-content\/uploads\/2026\/01\/2026-PAPOTE-QUEER-EVENEMENT-FB-SITE-150x150.png\" class=\"attachment-thumbnail size-thumbnail wp-post-image\" alt=\"\" style=\"max-width:150px;max-height:150px;\" \/><\/div><a class=\"wp-block-latest-posts__post-title\" href=\"https:\/\/leprouvette.com\/index.php\/2026\/04\/04\/dim-1er-mars-15h-17h-cercle-de-papote-queer-lgbtqia\/\">TOUS LES 1er DIM. DU MOIS \u2022 15h &#8211; 17h \u2022\u00a0Cercle de papote Queer \/ LGBTQIA+<\/a><div class=\"wp-block-latest-posts__post-excerpt\">Un espace safe et bienveillant pour \u00e9changer autour des v\u00e9cus LGBTQIA+.\n5.04.26 | 3.05.26 | 7.06.26 | 05.07.26<\/div><\/li>\n<li><div class=\"wp-block-latest-posts__featured-image\"><img loading=\"lazy\" decoding=\"async\" width=\"150\" height=\"150\" src=\"https:\/\/leprouvette.com\/wp-content\/uploads\/2026\/01\/2026-MARS-AVRIL-JAM-SESSIONBOEUF-150x150.jpg\" class=\"attachment-thumbnail size-thumbnail wp-post-image\" alt=\"\" style=\"max-width:150px;max-height:150px;\" \/><\/div><a class=\"wp-block-latest-posts__post-title\" href=\"https:\/\/leprouvette.com\/index.php\/2026\/03\/26\/1er-dimanches-du-mois-19h30-jam-session-et-boeuf-musical\/\">1er DIMANCHES DU MOIS \u2022 19h30 \u2022 Jam Session et b\u0153uf musical<\/a><div class=\"wp-block-latest-posts__post-excerpt\">Le boeuf de l\u2019Eprouvette est ouvert \u00e0 tous et toutes les musicien.nes !\nAmenez vos instruments !<\/div><\/li>\n<li><div class=\"wp-block-latest-posts__featured-image\"><img loading=\"lazy\" decoding=\"async\" width=\"150\" height=\"150\" src=\"https:\/\/leprouvette.com\/wp-content\/uploads\/2026\/03\/26-03-2204-26-ATELIER-PARENT-ENFANT-EVENEMENT-FB-SITE-150x150.png\" class=\"attachment-thumbnail size-thumbnail wp-post-image\" alt=\"\" style=\"max-width:150px;max-height:150px;\" \/><\/div><a class=\"wp-block-latest-posts__post-title\" href=\"https:\/\/leprouvette.com\/index.php\/2026\/03\/09\/dim-26-avril-%c2%b7-10h30-12h-%c2%b7-atelier-creatif-au-fil-des-saisons\/\">DIM. 26 AVRIL \u00b7 10H30 -12H \u00b7 Atelier cr\u00e9atif au fil des saisons<\/a><div class=\"wp-block-latest-posts__post-excerpt\">Venez participer \u00e0 un nouvel atelier parents-enfants pour d\u00e9velopper la cr\u00e9ativit\u00e9 des petits et grands enfants !<\/div><\/li>\n<li><div class=\"wp-block-latest-posts__featured-image\"><img loading=\"lazy\" decoding=\"async\" width=\"150\" height=\"150\" src=\"https:\/\/leprouvette.com\/wp-content\/uploads\/2026\/03\/26-04-25-SCENE-OUVERTE-EVENEMENT-FB-SITE-150x150.jpg\" class=\"attachment-thumbnail size-thumbnail wp-post-image\" alt=\"\" style=\"max-width:150px;max-height:150px;\" \/><\/div><a class=\"wp-block-latest-posts__post-title\" href=\"https:\/\/leprouvette.com\/index.php\/2026\/03\/09\/sam-25-avril-18h-le-cabaret-du-verbe-scene-ouverte-slam-chansons\/\">SAM. 25 AVRIL \u2022\u00a018H \u2022\u00a0Le Cabaret du verbe &#8211; Sc\u00e8ne ouverte SLAM &amp; CHANSONS<\/a><div class=\"wp-block-latest-posts__post-excerpt\">Viens d\u00e9clamer tes mots, ta po\u00e9sie, ton rap, ton histoire, ton pamphlet, ta chanson sur la sc\u00e8ne de l&rsquo;Eprouvette ! Dans la continuit\u00e9 des ateliers d&rsquo;\u00e9criture, mais ouvert \u00e0 toustes.<\/div><\/li>\n<li><div class=\"wp-block-latest-posts__featured-image\"><img loading=\"lazy\" decoding=\"async\" width=\"150\" height=\"150\" src=\"https:\/\/leprouvette.com\/wp-content\/uploads\/2026\/03\/26-04-26-VEILLEE-CONTEE-CHANTEE-EVENEMENT-FB-SITE-150x150.jpg\" class=\"attachment-thumbnail size-thumbnail wp-post-image\" alt=\"\" style=\"max-width:150px;max-height:150px;\" \/><\/div><a class=\"wp-block-latest-posts__post-title\" href=\"https:\/\/leprouvette.com\/index.php\/2026\/03\/09\/dim-26-avril-16h-19h-veillee-contee-et-chantee\/\">DIM 26 AVRIL\u00a0\u2022 16h-19h \u2022 Veill\u00e9e cont\u00e9e et chant\u00e9e<\/a><div class=\"wp-block-latest-posts__post-excerpt\">Venez conter et chanter vos histoires, avec le cercle des Veilleurs de contes du pays de Dinan.<\/div><\/li>\n<li><div class=\"wp-block-latest-posts__featured-image\"><img loading=\"lazy\" decoding=\"async\" width=\"150\" height=\"150\" src=\"https:\/\/leprouvette.com\/wp-content\/uploads\/2026\/03\/26-04-25-ATELIER-ECRITURE-EVENEMENT-FB-SITE-150x150.jpg\" class=\"attachment-thumbnail size-thumbnail wp-post-image\" alt=\"\" style=\"max-width:150px;max-height:150px;\" \/><\/div><a class=\"wp-block-latest-posts__post-title\" href=\"https:\/\/leprouvette.com\/index.php\/2026\/03\/09\/sam-25-avril-15h30-18h-atelier-decriture\/\">SAM. 25 AVRIL \u2022\u00a015h30-18h \u2022 Atelier d&rsquo;\u00e9criture<\/a><div class=\"wp-block-latest-posts__post-excerpt\">Comme chaque dernier samedi du mois, Venez jouer avec les mots ! Anim\u00e9 par Monsieur Samedi. Prix libre. Sur inscription aupr\u00e8s de Samuel Jarry : 06 09 48 96 16 ; samjarry22@gmail.com<\/div><\/li>\n<li><div class=\"wp-block-latest-posts__featured-image\"><img loading=\"lazy\" decoding=\"async\" width=\"150\" height=\"150\" src=\"https:\/\/leprouvette.com\/wp-content\/uploads\/2026\/02\/26-MARS-AVRIL-JEUDI-TRAD-EVENEMENT-FB-SITE-150x150.jpg\" class=\"attachment-thumbnail size-thumbnail wp-post-image\" alt=\"\" style=\"max-width:150px;max-height:150px;\" \/><\/div><a class=\"wp-block-latest-posts__post-title\" href=\"https:\/\/leprouvette.com\/index.php\/2026\/03\/09\/jeu-23-avril-20h-23h-bal-trad-galo-musiques-chants-et-danses-de-haute-basse-bretagne\/\">JEU. 23 AVRIL \u2022 20h &#8211; 23h &#8211; Bal trad Galo \u2022 Musiques, chants et danses de Haute &amp; Basse Bretagne<\/a><div class=\"wp-block-latest-posts__post-excerpt\">Bal trad Galo anim\u00e9 par Corentin Ledoujet (La Bou\u00e8ze) m\u00ealant danses de couples, en rond ou en quadrilles, chant \u00e0 r\u00e9pondre, complaintes.<\/div><\/li>\n<li><div class=\"wp-block-latest-posts__featured-image\"><img loading=\"lazy\" decoding=\"async\" width=\"150\" height=\"150\" src=\"https:\/\/leprouvette.com\/wp-content\/uploads\/2026\/02\/Avis_Eprouvette-150x150.png\" class=\"attachment-thumbnail size-thumbnail wp-post-image\" alt=\"\" style=\"max-width:150px;max-height:150px;\" \/><\/div><a class=\"wp-block-latest-posts__post-title\" href=\"https:\/\/leprouvette.com\/index.php\/2026\/02\/12\/evaluation-2025-de-lutilite-sociale\/\">Evaluation 2025 de l&rsquo;utilit\u00e9 sociale<\/a><div class=\"wp-block-latest-posts__post-excerpt\">L&rsquo;Eprouvette, c&rsquo;est un lieu : un caf\u00e9, un restaurant, une \u00e9picerie, des animations. C&rsquo;est surtout un projet qui se veut d&rsquo;utilit\u00e9 sociale&#8230;<\/div><\/li>\n<li><div class=\"wp-block-latest-posts__featured-image\"><img loading=\"lazy\" decoding=\"async\" width=\"150\" height=\"150\" src=\"https:\/\/leprouvette.com\/wp-content\/uploads\/2025\/07\/Europe_s_engage_RVB-150x150.jpg\" class=\"attachment-thumbnail size-thumbnail wp-post-image\" alt=\"\" style=\"max-width:150px;max-height:150px;\" \/><\/div><a class=\"wp-block-latest-posts__post-title\" href=\"https:\/\/leprouvette.com\/index.php\/2025\/07\/30\/leurope-co-finance-la-reouverture\/\">L&rsquo;Europe co-finance la r\u00e9ouverture !<\/a><div class=\"wp-block-latest-posts__post-excerpt\">Le 7 juillet 2025, Xavier, b\u00e9n\u00e9vole et Cl\u00e9mence, salari\u00e9e, pr\u00e9sentaient le projet de r\u00e9ouverture au comit\u00e9 de Dinan Agglo pour le programme europ\u00e9en LEADER. Nous avons le plaisir d&rsquo;annoncer que notre projet a re\u00e7u un avis favorable ! En particulier, le programme LEADER participe au financement : Ce programme participe au financement de projet d\u00e9j\u00e0 co-financ\u00e9s. C&rsquo;\u00e9tait le cas de\u2026<\/div><\/li>\n<\/ul>","protected":false},"excerpt":{"rendered":"","protected":false},"author":4,"featured_media":0,"parent":0,"menu_order":0,"comment_status":"closed","ping_status":"closed","template":"","meta":{"_acf_changed":false,"_eb_attr":"","footnotes":""},"class_list":["post-3524","page","type-page","status-publish","hentry"],"acf":[],"jetpack_sharing_enabled":true,"_links":{"self":[{"href":"https:\/\/leprouvette.com\/index.php\/wp-json\/wp\/v2\/pages\/3524","targetHints":{"allow":["GET"]}}],"collection":[{"href":"https:\/\/leprouvette.com\/index.php\/wp-json\/wp\/v2\/pages"}],"about":[{"href":"https:\/\/leprouvette.com\/index.php\/wp-json\/wp\/v2\/types\/page"}],"author":[{"embeddable":true,"href":"https:\/\/leprouvette.com\/index.php\/wp-json\/wp\/v2\/users\/4"}],"replies":[{"embeddable":true,"href":"https:\/\/leprouvette.com\/index.php\/wp-json\/wp\/v2\/comments?post=3524"}],"version-history":[{"count":3,"href":"https:\/\/leprouvette.com\/index.php\/wp-json\/wp\/v2\/pages\/3524\/revisions"}],"predecessor-version":[{"id":3723,"href":"https:\/\/leprouvette.com\/index.php\/wp-json\/wp\/v2\/pages\/3524\/revisions\/3723"}],"wp:attachment":[{"href":"https:\/\/leprouvette.com\/index.php\/wp-json\/wp\/v2\/media?parent=3524"}],"curies":[{"name":"wp","href":"https:\/\/api.w.org\/{rel}","templated":true}]}}

<ul class="wp-block-latest-posts__list is-grid columns-4 wp-block-latest-posts"><li><div class="wp-block-latest-posts__featured-image"><img loading="lazy" decoding="async" width="150" height="150" src="https://leprouvette.com/wp-content/uploads/2026/02/2026-MARS-AVRIL-COUR-DE-DANSES-FOLK-ET-NOZ-FB-SITE-150x150.jpg" class="attachment-thumbnail size-thumbnail wp-post-image" alt="" style="max-width:150px;max-height:150px;" /></div><a class="wp-block-latest-posts__post-title" href="https://leprouvette.com/index.php/2026/04/20/jeu-30-avril-20h-22h-cours-de-danses-folk-noz/">JEU. 30 AVRIL • 20H &#8211; 22H – Cours de danses folk &amp; Noz</a><div class="wp-block-latest-posts__post-excerpt">Venez découvrir les différentes danses duo et de groupes que vous pourrez danser dans les bals folk et fest noz de la région !</div></li>
<li><div class="wp-block-latest-posts__featured-image"><img loading="lazy" decoding="async" width="150" height="150" src="https://leprouvette.com/wp-content/uploads/2026/04/1776153524891-150x150.jpg" class="attachment-thumbnail size-thumbnail wp-post-image" alt="" style="max-width:150px;max-height:150px;" /></div><a class="wp-block-latest-posts__post-title" href="https://leprouvette.com/index.php/2026/04/14/proces-verbal-de-l-assemblee-generale-du-12-avril-2026/">PROCÈS VERBAL DE L’ ASSEMBLÉE GÉNÉRALE DU 12 AVRIL 2026</a><div class="wp-block-latest-posts__post-excerpt"></div></li>
<li><div class="wp-block-latest-posts__featured-image"><img loading="lazy" decoding="async" width="150" height="150" src="https://leprouvette.com/wp-content/uploads/2026/01/2026-PAPOTE-QUEER-EVENEMENT-FB-SITE-150x150.png" class="attachment-thumbnail size-thumbnail wp-post-image" alt="" style="max-width:150px;max-height:150px;" /></div><a class="wp-block-latest-posts__post-title" href="https://leprouvette.com/index.php/2026/04/04/dim-1er-mars-15h-17h-cercle-de-papote-queer-lgbtqia/">TOUS LES 1er DIM. DU MOIS • 15h &#8211; 17h • Cercle de papote Queer / LGBTQIA+</a><div class="wp-block-latest-posts__post-excerpt">Un espace safe et bienveillant pour échanger autour des vécus LGBTQIA+.
5.04.26 | 3.05.26 | 7.06.26 | 05.07.26</div></li>
<li><div class="wp-block-latest-posts__featured-image"><img loading="lazy" decoding="async" width="150" height="150" src="https://leprouvette.com/wp-content/uploads/2026/01/2026-MARS-AVRIL-JAM-SESSIONBOEUF-150x150.jpg" class="attachment-thumbnail size-thumbnail wp-post-image" alt="" style="max-width:150px;max-height:150px;" /></div><a class="wp-block-latest-posts__post-title" href="https://leprouvette.com/index.php/2026/03/26/1er-dimanches-du-mois-19h30-jam-session-et-boeuf-musical/">1er DIMANCHES DU MOIS • 19h30 • Jam Session et bœuf musical</a><div class="wp-block-latest-posts__post-excerpt">Le boeuf de l’Eprouvette est ouvert à tous et toutes les musicien.nes !
Amenez vos instruments !</div></li>
<li><div class="wp-block-latest-posts__featured-image"><img loading="lazy" decoding="async" width="150" height="150" src="https://leprouvette.com/wp-content/uploads/2026/03/26-03-2204-26-ATELIER-PARENT-ENFANT-EVENEMENT-FB-SITE-150x150.png" class="attachment-thumbnail size-thumbnail wp-post-image" alt="" style="max-width:150px;max-height:150px;" /></div><a class="wp-block-latest-posts__post-title" href="https://leprouvette.com/index.php/2026/03/09/dim-26-avril-%c2%b7-10h30-12h-%c2%b7-atelier-creatif-au-fil-des-saisons/">DIM. 26 AVRIL · 10H30 -12H · Atelier créatif au fil des saisons</a><div class="wp-block-latest-posts__post-excerpt">Venez participer à un nouvel atelier parents-enfants pour développer la créativité des petits et grands enfants !</div></li>
<li><div class="wp-block-latest-posts__featured-image"><img loading="lazy" decoding="async" width="150" height="150" src="https://leprouvette.com/wp-content/uploads/2026/03/26-04-25-SCENE-OUVERTE-EVENEMENT-FB-SITE-150x150.jpg" class="attachment-thumbnail size-thumbnail wp-post-image" alt="" style="max-width:150px;max-height:150px;" /></div><a class="wp-block-latest-posts__post-title" href="https://leprouvette.com/index.php/2026/03/09/sam-25-avril-18h-le-cabaret-du-verbe-scene-ouverte-slam-chansons/">SAM. 25 AVRIL • 18H • Le Cabaret du verbe &#8211; Scène ouverte SLAM &amp; CHANSONS</a><div class="wp-block-latest-posts__post-excerpt">Viens déclamer tes mots, ta poésie, ton rap, ton histoire, ton pamphlet, ta chanson sur la scène de l&rsquo;Eprouvette ! Dans la continuité des ateliers d&rsquo;écriture, mais ouvert à toustes.</div></li>
<li><div class="wp-block-latest-posts__featured-image"><img loading="lazy" decoding="async" width="150" height="150" src="https://leprouvette.com/wp-content/uploads/2026/03/26-04-26-VEILLEE-CONTEE-CHANTEE-EVENEMENT-FB-SITE-150x150.jpg" class="attachment-thumbnail size-thumbnail wp-post-image" alt="" style="max-width:150px;max-height:150px;" /></div><a class="wp-block-latest-posts__post-title" href="https://leprouvette.com/index.php/2026/03/09/dim-26-avril-16h-19h-veillee-contee-et-chantee/">DIM 26 AVRIL • 16h-19h • Veillée contée et chantée</a><div class="wp-block-latest-posts__post-excerpt">Venez conter et chanter vos histoires, avec le cercle des Veilleurs de contes du pays de Dinan.</div></li>
<li><div class="wp-block-latest-posts__featured-image"><img loading="lazy" decoding="async" width="150" height="150" src="https://leprouvette.com/wp-content/uploads/2026/03/26-04-25-ATELIER-ECRITURE-EVENEMENT-FB-SITE-150x150.jpg" class="attachment-thumbnail size-thumbnail wp-post-image" alt="" style="max-width:150px;max-height:150px;" /></div><a class="wp-block-latest-posts__post-title" href="https://leprouvette.com/index.php/2026/03/09/sam-25-avril-15h30-18h-atelier-decriture/">SAM. 25 AVRIL • 15h30-18h • Atelier d&rsquo;écriture</a><div class="wp-block-latest-posts__post-excerpt">Comme chaque dernier samedi du mois, Venez jouer avec les mots ! Animé par Monsieur Samedi. Prix libre. Sur inscription auprès de Samuel Jarry : 06 09 48 96 16 ; samjarry22@gmail.com</div></li>
<li><div class="wp-block-latest-posts__featured-image"><img loading="lazy" decoding="async" width="150" height="150" src="https://leprouvette.com/wp-content/uploads/2026/02/26-MARS-AVRIL-JEUDI-TRAD-EVENEMENT-FB-SITE-150x150.jpg" class="attachment-thumbnail size-thumbnail wp-post-image" alt="" style="max-width:150px;max-height:150px;" /></div><a class="wp-block-latest-posts__post-title" href="https://leprouvette.com/index.php/2026/03/09/jeu-23-avril-20h-23h-bal-trad-galo-musiques-chants-et-danses-de-haute-basse-bretagne/">JEU. 23 AVRIL • 20h &#8211; 23h &#8211; Bal trad Galo • Musiques, chants et danses de Haute &amp; Basse Bretagne</a><div class="wp-block-latest-posts__post-excerpt">Bal trad Galo animé par Corentin Ledoujet (La Bouèze) mêlant danses de couples, en rond ou en quadrilles, chant à répondre, complaintes.</div></li>
<li><div class="wp-block-latest-posts__featured-image"><img loading="lazy" decoding="async" width="150" height="150" src="https://leprouvette.com/wp-content/uploads/2026/02/Avis_Eprouvette-150x150.png" class="attachment-thumbnail size-thumbnail wp-post-image" alt="" style="max-width:150px;max-height:150px;" /></div><a class="wp-block-latest-posts__post-title" href="https://leprouvette.com/index.php/2026/02/12/evaluation-2025-de-lutilite-sociale/">Evaluation 2025 de l&rsquo;utilité sociale</a><div class="wp-block-latest-posts__post-excerpt">L&rsquo;Eprouvette, c&rsquo;est un lieu : un café, un restaurant, une épicerie, des animations. C&rsquo;est surtout un projet qui se veut d&rsquo;utilité sociale&#8230;</div></li>
<li><div class="wp-block-latest-posts__featured-image"><img loading="lazy" decoding="async" width="150" height="150" src="https://leprouvette.com/wp-content/uploads/2025/07/Europe_s_engage_RVB-150x150.jpg" class="attachment-thumbnail size-thumbnail wp-post-image" alt="" style="max-width:150px;max-height:150px;" /></div><a class="wp-block-latest-posts__post-title" href="https://leprouvette.com/index.php/2025/07/30/leurope-co-finance-la-reouverture/">L&rsquo;Europe co-finance la réouverture !</a><div class="wp-block-latest-posts__post-excerpt">Le 7 juillet 2025, Xavier, bénévole et Clémence, salariée, présentaient le projet de réouverture au comité de Dinan Agglo pour le programme européen LEADER. Nous avons le plaisir d&rsquo;annoncer que notre projet a reçu un avis favorable ! En particulier, le programme LEADER participe au financement : Ce programme participe au financement de projet déjà co-financés. C&rsquo;était le cas de…</div></li>
</ul>
